) = 2*h**2 + 4814*h + 43143. Calculate c(-9).
-21
Let l(j) = -j**3 - 105*j**2 - 103*j + 581. Give l(-104).
477
Let b(a) = -2*a**3 - 38*a**2 - 105*a - 3146. Determine b(-20).
-246
Let o(l) = 20*l + 873. What is o(-41)?
53
Let x(k) = -275949*k - 10210119. What is x(-37)?
-6
Let l(m) = -128*m - 30182. Give l(-238).
282
Let k(g) = -867*g + 11240. What is k(12)?
836
Let i(u) = -u**2 + 1349*u - 21352. Calculate i(16).
-24
Let p(w) = 9*w**3 - 306*w**2 - 315*w - 12. What is p(35)?
-12
Let c(n) = -4*n**2 + 2116*n + 88602. Calculate c(568).
-6
Let y(p) = 1492*p - 415354. Give y(278).
-578
Let v(f) = -409*f**3 - 419*f**2 + 39*f + 44. Calculate v(-1).
-5
Let a(v) = -13*v**2 - 165*v + 476. What is a(3)?
-136
Let n(v) = v**3 + 456*v**2 + 4463*v + 1381. What is n(-446)?
43
Let r(o) = -3*o**2 - 2234*o - 192857. Calculate r(-645).
-2
Let c(g) = 8*g**2 - 11468*g + 102511. What is c(9)?
-53
Let f(g) = -919*g + 23675. Calculate f(26).
-219
Let a(j) = j**2 + 96522*j + 96522. Calculate a(-1).
1
Let y(x) = -482*x - 117438. What is y(-245)?
652
Let y(g) = 157*g + 11999. What is y(-76)?
67
Let g(q) = -3169*q + 1207375. Give g(381).
-14
Let l(j) = -43144*j - 647152. Determine l(-15).
8
Let t(w) = 7*w**3 - 470*w**2 - 3*w + 4692. Determine t(67).
2
Let f(h) = -11386*h + 1423256. Give f(125).
6
Let v(n) = -n**3 + 46511*n**2 + 7*n - 12. Determine v(0).
-12
Let h(x) = 23*x**2 + 18*x - 3521. Determine h(12).
7
Let z(r) = 153*r - 11853. Calculate z(77).
-72
Let j(c) = 764*c - 13039. Give j(17).
-51
Let w(p) = 4*p**3 - 19*p**2 - 106*p + 30. Give w(-4).
-106
Let l(p) = -p**3 - 22*p**2 + 713*p + 15902. Determine l(-26).
68
Let t(a) = 977*a**2 - 2927*a - 68. Calculate t(3).
-56
Let t(j) = j**3 + 68*j**2 + 4939*j + 124883. Determine t(-33).
11
Let x(z) = 95*z - 1365. Give x(13).
-130
Let b(d) = d**3 + 625*d**2 + 5990*d - 1597. What is b(-10)?
3
Let n(i) = 5*i**3 - 216*i**2 + 53*i - 190. Determine n(43).
240
Let r(n) = 703*n + 99813. Calculate r(-142).
-13
Let z(h) = -11*h + 204. Calculate z(5).
149
Let n(k) = k**3 - 150*k**2 + 5590*k - 1932. Calculate n(67).
11
Let y(o) = -18*o**3 - 72*o**2 - 347*o - 1427. What is y(-4)?
-39
Let w(f) = 3*f**2 + 830*f + 3268. Calculate w(-4).
-4
Let j(t) = -t**3 - 27*t**2 - 8*t + 72. What is j(-19)?
-2664
Let g(m) = -86255*m - 690603. Give g(-8).
-563
Let p(t) = 13*t**2 - 415*t + 3329. Give p(8).
841
Let x(f) = 3*f**2 + 258*f - 685. What is x(-89)?
116
Let g(m) = -2*m**3 - 127*m**2 + 193*m - 63. Give g(-65).
67
Let a(t) = -t**3 - 196*t**2 - 2701*t - 11. What is a(-15)?
-221
Let k(c) = -2368*c - 104268. What is k(-44)?
-76
Let j(d) = -470*d**2 - 3777*d - 52. Determine j(-8).
84
Let b(k) = 227991*k + 1139957. What is b(-5)?
2
Let g(n) = 5*n**3 - 776*n**2 + 907*n + 2630. What is g(154)?
12
Let o(t) = t**3 - 7*t**2 - 45*t + 376. Give o(13).
805
Let t(n) = 55*n**2 - 4496*n - 1152. Give t(82).
-4
Let x(k) = -4*k**3 + 55*k**2 - 246*k + 342. Give x(6).
-18
Let z(f) = 27*f**3 - 23*f**2 - 498*f - 474. Calculate z(-1).
-26
Let h(b) = -6*b**3 + 631*b**2 - 105*b + 90. Calculate h(105).
90
Let x(w) = -680*w + 54. Give x(-1).
734
Let l(w) = -165*w**2 - 45029*w + 4374. Calculate l(-273).
6
Let s(c) = c**3 - 8*c**2 - 198*c + 1534. Give s(7).
99
Let b(p) = -54*p**2 + 302*p + 30170. Give b(-21).
14
Let v(d) = -d**3 + 631*d**2 + 1957*d - 35518. Calculate v(634).
-648
Let z(q) = -45*q**2 + 12872*q - 582. Calculate z(286).
-10
Let k(m) = 959*m**2 + 30628*m - 1903. Determine k(-32).
17
Let s(u) = -5*u**2 - 111*u + 981. Give s(-30).
-189
Let n(d) = 4*d**2 - 415*d + 4916. Calculate n(90).
-34
Let c(q) = 2*q**2 - 188*q - 7418. What is c(-30)?
22
Let i(z) = -6*z**2 - 264*z - 2243. Give i(-33).
-65
Let a(k) = -122716*k + 245207. Give a(2).
-225
Let a(m) = -65*m - 1861. Calculate a(-23).
-366
Let u(y) = y**2 - 183*y - 22774. Calculate u(268).
6
Let o(s) = 819744*s + 8197434. Give o(-10).
-6
Let v(x) = -24*x**3 - 886*x**2 + 74*x - 73. Calculate v(-37).
-73
Let w(x) = 3*x**2 - 1278*x - 81393. What is w(482)?
-417
Let o(n) = -n**3 + 20*n - 270. Give o(-8).
82
Let u(p) = -2*p**2 - 380*p + 747. Give u(-192).
-21
Let y(g) = 28*g**2 - 22*g - 2635. What is y(-9)?
-169
Let l(c) = -34*c**3 - 5578*c**2 - 326*c + 339. Determine l(-164).
11
Let x(i) = -1474*i + 67219. Give x(46).
-585
Let o(y) = -2*y**2 - 680*y + 11578. Calculate o(16).
186
Let b(w) = 26*w**2 - 88*w - 671. Give b(-8).
1697
Let y(g) = -g**3 + 125*g**2 + 5379*g + 67127. Give y(161).
-10
Let g(l) = l**3 + 6*l**2 - 4256*l - 25500. What is g(-6)?
36
Let u(h) = -1769*h**2 - 1107393*h + 599. Calculate u(-626).
-27
Let q(t) = 5304*t - 4418230. Calculate q(833).
2
Let a(t) = -t**3 - 292*t**2 + 3041*t + 6353. Determine a(-302).
11
Let h(c) = 5*c**2 + 3873*c + 49619. Calculate h(-13).
115
Let h(z) = -z**2 + 784*z + 1004066. Give h(-684).
-46
Let f(w) = -16537*w - 23184879. Determine f(-1402).
-5
Let u(b) = -2*b**2 + 2476*b - 4943. What is u(2)?
1
Let i(n) = -1097*n - 27388. What is i(-25)?
37
Let y(v) = -684*v - 25346. Determine y(-37).
-38
Let x(b) = b**2 + 101*b + 3668. Determine x(-43).
1174
Let n(j) = -13*j**3 + 126*j**2 + 267*j - 2259. Give n(9).
873
Let i(h) = -2*h**3 - 6*h**2 + 82609*h + 165226. Determine i(-2).
0
Let p(g) = -371*g**2 - 7031*g + 366. What is p(-19)?
24
Let i(l) = l**2 + 22932*l - 7652835. What is i(329)?
34
Let x(j) = 18428*j**2 - 18335*j - 9. Calculate x(1).
84
Let u(g) = -136*g**2 - 954*g - 59. What is u(-10)?
-4119
Let k(g) = -2652*g + 75082. Determine k(28).
826
Let z(j) = -1037*j - 14841. What is z(-14)?
-323
Let i(x) = x**3 + 91*x**2 - 395*x + 71. Calculate i(-95).
1496
Let a(j) = 4*j**3 - 1790*j**2 - 22821*j - 82354. What is a(460)?
-14
Let g(f) = -f**3 - 321*f**2 + 5761*f + 5066. Calculate g(-338).
-4
Let h(y) = 53*y**3 + 4135*y**2 - 17*y - 7447. Give h(-78).
-37
Let g(v) = v**2 + 294*v - 4289. What is g(14)?
23
Let l(h) = -112*h**3 - 337*h**2 - 107*h - 311. What is l(-3)?
1
Let u(g) = 3*g**3 - 16*g**2 - 977*g + 8813. Give u(13).
-1
Let s(m) = -370*m - 65502. Determine s(-177).
-12
Let k(p) = -1227*p - 20801. Give k(-15).
-2396
Let k(j) = 6*j**3 + 279*j**2 + 411*j + 220. What is k(-45)?
-50
Let m(w) = 3*w**2 + 321*w + 14151. Determine m(-79).
7515
Let f(r) = -r**3 - 63*r**2 - 946*r + 414. Determine f(-26).
-2
Let x(f) = 26*f**2 - 12*f - 84. What is x(-7)?
1274
Let l(s) = -38*s**2 - 1338*s - 140. Calculate l(-35).
140
Let l(i) = -47*i**2 + 348*i + 134. Calculate l(8).
-90
Let x(b) = b**3 - 64*b**2 - 57*b - 522. What is x(65)?
-2
Let s(d) = 18*d**3 + 5*d**2 + 44*d - 176. What is s(4)?
1232
Let y(g) = -g**2 - 214*g + 50388. Determine y(141).
333
Let j(w) = w**3 - 137*w**2 + 336*w + 8638. Determine j(134).
-206
Let l(u) = -3*u**3 - 19*u**2 - 47*u + 22. Give l(-10).
1592
Let c(a) = -a**3 + 204*a**2 + 222*a - 3554. Calculate c(205).
-69
Let n(y) = y**3 - 70*y**2 + 831*y - 755. Calculate n(14).
-97
Let a(d) = d**3 - 179*d**2 - 2346*d + 389880. What is a(180)?
0
Let n(s) = 2*s**2 + 48*s - 1414. Give n(17).
-20
Let b(x) = -3*x**3 - 48*x**2 - 78*x - 86. What is b(-14)?
-170
Let o(l) = -3*l**2 + 352*l + 3378. Determine o(125).
503
Let j(b) = -b**3 - 199*b**2 + 12438*b + 113. Calculate j(50).
-487
Let d(n) = -281*n - 23901. Determine d(-85).
-16
Let t(f) = f**2 + 1556*f + 19672. What is t(-13)?
-387
Let u(b) = -4261*b + 38371. Determine u(9).
22
Let c(p) = 3529*p + 1312597. Give c(-372).
-191
Let s(p) = 413*p - 30575. What is s(74)?
-13
Let y(f) = -f**3 + 76*f**2 + 623*f - 394. Give y(-8).
-2
Let p(f) = -18258*f + 165814. Calculate p(9).
1492
Let b(h) = 17*h + 132. What is b(-8)?
-4
Let p(x) = 3*x**3 - 23*x**2 - 92*x + 38. What is p(10)?
-182
Let x(h) = 275520*h + 551033. Give x(-2).
-7
Let t(w) = -11*w**3 - 194*w**2 + 238*w - 43. Determine t(1).
-10
Let x(i) = 122*i + 256. Give x(1).
378
Let x(t) = t**3 - 87*t**2 - 346*t + 415. Determine x(91).
2053
Let d(o) = 3*o**2 - 59*o - 5484. Calculate d(-34).
-10
Let y(o) = -6*o**3 + 541*o**2 + 2749*o + 578. Calculate y(95).
8
Let a(i) = -278*i + 1650. Determine a(8).
-574
Let j(y) = 27*y**2 + 254*y + 734. Determine j(-5).
139
Let g(u) = -144*u**2 + 21752*u - 1231. Determine g(151).
-23
Let t(f) = 4147*f - 1440. Determine t(1).
2707
Let w(o) = o**3 + 37*o**2 - 22*o - 638. Give w(-37).
176
Let t(j) = 8178*j + 1807303. Calculate t(-221).
-35
Let o(m) = 7802*m - 23429. D